ase 12) to base 8
-77722
Convert -101000000101110 (base 2) to base 14.
-76a2
-ab6a (base 14) to base 7
-152363
What is 10000001100100 (base 2) in base 6?
102220
What is 435a (base 12) in base 5?
214124
Convert 33622 (base 9) to base 7.
122144
1463 (base 7) to base 9
718
-3320 (base 4) to base 14
-13a
What is -100133 (base 4) in base 9?
-1402
Convert 1120201 (base 3) to base 13.
6a9
Convert -740 (base 8) to base 5.
-3410
-2288a (base 14) to base 4
-110200222
Convert -100110000010 (base 2) to base 15.
-ac4
Convert -2008a (base 12) to base 13.
-15c04
-1001020 (base 3) to base 4
-23322
Convert -245 (base 12) to base 3.
-110122
-1110011010110101 (base 2) to base 14
-17749
What is -385 (base 13) in base 8?
-1150
Convert -302424 (base 5) to base 8.
-23013
What is 22011101 (base 3) in base 11?
451a
What is 5b18 (base 12) in base 15?
307e
Convert -1034 (base 6) to base 8.
-356
Convert -22161 (base 8) to base 14.
-3585
What is -37632 (base 8) in base 4?
-3332122
Convert -57 (base 11) to base 16.
-3e
What is -1100020 (base 3) in base 8?
-1722
1631 (base 11) to base 5
31331
What is -116200 (base 7) in base 14?
-7b00
Convert -1982 (base 10) to base 15.
-8c2
Convert -1111101011 (base 2) to base 8.
-1753
What is -210210 (base 3) in base 14?
-300
Convert 179ab (base 12) to base 7.
201611
Convert -2647 (base 11) to base 3.
-11201101
Convert 1c0 (base 14) to base 5.
2424
-24592 (base 10) to base 12
-12294
113 (base 11) to base 4
2013
451 (base 6) to base 9
214
-272 (base 15) to base 12
-3a5
111a7 (base 12) to base 13
a46b
-12468 (base 15) to base 3
-2222001222
616 (base 7) to base 9
371
-190a7 (base 13) to base 5
-3022341
201221022 (base 3) to base 5
431114
Convert -29c8 (base 16) to base 3.
-112200011
Convert 2667 (base 11) to base 8.
6605
6406 (base 7) to base 3
10002201
-41a (base 16) to base 3
-1102220
Convert -303221 (base 5) to base 6.
-113231
Convert -35153 (base 9) to base 3.
-1012011210
Convert 893 (base 12) to base 11.
a49
318 (base 11) to base 9
464
Convert -10000011000 (base 2) to base 3.
-1102211
2100102 (base 3) to base 11
1317
Convert -101000100000 (base 2) to base 8.
-5040
What is 322 (base 14) in base 5?
4433
Convert -20211212 (base 4) to base 2.
-1000100101100110
Convert 101001000101010 (base 2) to base 5.
1133114
What is -23301 (base 4) in base 14?
-3bb
10122121122 (base 3) to base 12
3572b
1e5e (base 15) to base 12
39b2
38b7 (base 15) to base 5
341342
Convert -403003 (base 6) to base 7.
-161403
Convert 13214 (base 10) to base 5.
410324
Convert 3486 (base 12) to base 9.
8033
What is -1dd5 (base 15) in base 16?
-1964
-660 (base 15) to base 10
-1440
What is 10211010212 (base 3) in base 14?
1d58b
What is 11033313 (base 4) in base 3?
1002111010
-5e3 (base 16) to base 15
-6a7
Convert 24b (base 13) to base 9.
485
Convert -318d (base 16) to base 7.
-51661
Convert 20336 (base 9) to base 7.
54030
Convert 21cc (base 16) to base 2.
10000111001100
-202 (base 8) to base 11
-109
What is -33 (base 12) in base 4?
-213
What is 131b (base 12) in base 13?
cbc
What is 62762 (base 8) in base 7?
136042
-3120 (base 7) to base 4
-101010
What is 18358 (base 9) in base 2?
11000110010001
Convert -24 (base 8) to base 7.
-26
Convert -2165 (base 7) to base 12.
-552
What is -21461 (base 8) in base 10?
-9009
Convert 2e0 (base 15) to base 12.
470
What is -4211302 (base 5) in base 4?
-100333021
What is -310121 (base 4) in base 5?
-101403
Convert 25 (base 10) to base 14.
1b
-2122213 (base 4) to base 7
-40564
1041414 (base 5) to base 9
27158
What is 2729 (base 10) in base 3?
10202002
Convert 10998 (base 10) to base 4.
2223312
-29a0 (base 12) to base 9
-6613
Convert -1010110001011 (base 2) to base 3.
-21120021
Convert -3012122 (base 4) to base 8.
-30632
What is 98 (base 13) in base 12?
a5
5286 (base 11) to base 12
4067
Convert 1111 (base 5) to base 9.
183
What is 4a2 (base 15) in base 8?
2034
What is -110000111 (base 2) in base 15?
-1b1
What is 1166 (base 10) in base 11?
970
Convert -a73 (base 11) to base 2.
-10100001010
-33537 (base 9) to base 11
-15841
What is 3503 (base 11) in base 14?
1969
205442 (base 6) to base 4
10012202
What is -2d0 (base 15) in base 11?
-537
What is -31002 (base 4) in base 11?
-699
What is -1503 (base 10) in base 9?
-2050
Convert -11000000 (base 2) to base 4.
-3000
What is 164 (base 9) in base 5?
1024
Convert -5023 (base 8) to base 14.
-d23
-1110100 (base 3) to base 16
-426
What is 2012 (base 6) in base 4?
12320
Convert -16002 (base 9) to base 8.
-25271
What is -d43 (base 15) in base 9?
-4080
Convert 12942 (base 12) to base 5.
1304123
Convert -1145020 (base 6) to base 15.
-12ec3
Convert -e (base 16) to base 3.
-112
-1b3 (base 14) to base 8
-541
Convert 10010332 (base 4) to base 8.
40476
Convert 1197 (base 13) to base 11.
1964
Convert 222322 (base 4) to base 8.
5272
What is 8a6 (base 11) in base 13?
655
What is 168 (base 10) in base 7?
330
Convert -223 (base 6) to base 3.
-10020
Convert 754 (base 11) to base 14.
48a
What is -141505 (base 6) in base 5?
-411421
What is 14124 (base 8) in base 3?
22112200
What is 10001000010 (base 2) in base 4?
101002
What is -384 (base 10) in base 2?
-110000000
What is 865 (base 14) in base 3?
2021101
Convert -34315 (base 8) to base 10.
-14541
What is -163 (base 14) in base 5?
-2113
Convert -1290 (base 10) to base 6.
-5550
Convert 1111000000110 (base 2) to base 6.
55330
Convert -10001000 (base 2) to base 10.
-136
2c1c (base 16) to base 11
8536
-1421 (base 9) to base 8
-2060
3504 (base 6) to base 12
594
a83 (base 12) to base 3
2010000
-10011011 (base 2) to base 10
-155
Convert 3c82 (base 14) to base 3.
112200020
Convert -29453 (base 12) to base 13.
-20328
What is -1715 (base 9) in base 10?
-1310
What is 998 (base 11) in base 6?
5312
2122220 (base 3) to base 16
795
63313 (base 7) to base 4
3303220
What is 74 (base 14) in base 9?
123
111011010 (base 2) to base 11
3a1
Convert 31141 (base 5) to base 13.
c15
1134 (base 7) to base 9
513
Convert 149a (base 12) to base 16.
976
Convert -133032 (base 4) to base 5.
-30443
What is -11004331 (base 5) in base 6?
-2004433
Convert 211122 (base 3) to base 7.
1532
What is 4312 (base 6) in base 7?
2600
What is 20120 (base 3) in base 5?
1202
Convert -1889 (base 11) to base 7.
-6662
-1737 (base 9) to base 7
-3610
What is -41422 (base 5) in base 6?
-20401
Convert -248d (base 16) to base 2.
-10010010001101
What is 10110000 (base 2) in base 6?
452
-120010 (base 3) to base 16
-198
What is 10001101000011 (base 2) in base 8?
21503
What is 788 (base 14) in base 16?
5d4
What is -1a9 (base 12) in base 3?
-101010
Convert -7231 (base 8) to base 5.
-104422
102021102 (base 3) to base 6
102015
-a6c8 (base 14) to base 9
-43441
6b9 (base 15) to base 7
4305
Convert 423413 (base 5) to base 7.
56332
What is 270 (base 11) in base 15?
164
What is 67b4 (base 14) in base 7?
103314
-10111111011 (base 2) to base 10
-1531
Convert -3660 (base 14) to base 13.
-4422
What is 451b (base 14) in base 3?
121102202
What is -101201 (base 3) in base 10?
-289
-412244 (base 5) to base 7
-54132
What is 34 (base 5) in base 7?
25
17 (base 13) to base 7
26
82a1 (base 11) to base 6
122533
Convert 1411 (base 6) to base 14.
1c3
What is 2300 (base 7) in base 2?
1101000001
What is 258 (base 13) in base 10?
411
Convert -201034 (base 5) to base 16.
-18fa
Convert -3110 (base 6) to base 8.
-1262
What is 6b5 (base 12) in base 16?
3e9
3420202 (base 5) to base 9
102208
Convert -344 (base 6) to base 2.
-10001000
Convert -2030100 (base 4) to base 14.
-33b2
What is 281 (base 10) in base 13?
188
Convert dda (base 14) to base 3.
10202111
What is 192 (base 13) in base 2?
100100000
Convert -1001100001111000 (base 2) to base 6.
-500412
Convert 2423 (base 5) to base 3.
111110
What is 3990 (base 10) in base 9?
5423
-3521 (base 11) to base 3
-20100011
Convert -331340 (base 5) to base 9.
-16654
Convert 39732 (base 11) to base 8.
156720
Convert 3114 (base 6) to base 15.
314
Convert -321 (base 15) to base 3.
-222011
-373 (base 12) to base 2
-1000000111
What is -23677 (base 9) in base 4?
-3313321
Convert -2e3 (base 15) to base 2.
-1010010111
-2333321 (base 4) to base 12
-7135
Convert 51456 (base 8) to base 11.
14aa9
Convert 1002120220 (base 3) to base 6.
243510
What is 5650 (base 14) in base 13?
6a73
d92 (base 15) to base 13
1517
Convert 411 (base 7) to base 